ulate the remainder when 733601913 is divided by 1054.
1049
Calculate the remainder when 447260 is divided by 27512.
7068
What is the remainder when 11001233 is divided by 500056?
1
Calculate the remainder when 12225 is divided by 1408.
961
What is the remainder when 5552797 is divided by 6564?
6217
What is the remainder when 15134469 is divided by 24?
21
Calculate the remainder when 3874175 is divided by 968542.
7
What is the remainder when 23867 is divided by 10434?
2999
What is the remainder when 31534359 is divided by 3105?
3084
Calculate the remainder when 1502185 is divided by 53.
6
Calculate the remainder when 15316071 is divided by 6783.
57
Calculate the remainder when 112443 is divided by 1443.
1332
Calculate the remainder when 42120755 is divided by 402.
401
Calculate the remainder when 9517 is divided by 9187.
330
Calculate the remainder when 548538 is divided by 5.
3
Calculate the remainder when 97994 is divided by 991.
876
Calculate the remainder when 337397143 is divided by 17.
13
What is the remainder when 26678102 is divided by 801?
797
What is the remainder when 12758173 is divided by 13?
12
What is the remainder when 8509597 is divided by 40?
37
What is the remainder when 9796066 is divided by 512?
482
Calculate the remainder when 280094 is divided by 2206.
2138
What is the remainder when 2759634 is divided by 15?
9
Calculate the remainder when 102150 is divided by 106.
72
Calculate the remainder when 25754530 is divided by 25754523.
7
Calculate the remainder when 5466616 is divided by 542.
4
What is the remainder when 9866566 is divided by 181?
75
What is the remainder when 9781 is divided by 698?
9
What is the remainder when 33628546 is divided by 4381?
4371
Calculate the remainder when 617346 is divided by 253.
26
What is the remainder when 885838 is divided by 36907?
70
What is the remainder when 197087 is divided by 197020?
67
What is the remainder when 743170 is divided by 185557?
942
What is the remainder when 8264877 is divided by 2649?
2646
Calculate the remainder when 1025544 is divided by 406.
394
Calculate the remainder when 872370 is divided by 529.
49
What is the remainder when 9713713 is divided by 76?
1
Calculate the remainder when 65000339 is divided by 43.
34
What is the remainder when 6792 is divided by 2450?
1892
What is the remainder when 56837274 is divided by 11367446?
44
Calculate the remainder when 16753599 is divided by 1622.
1583
Calculate the remainder when 2882685 is divided by 2086.
1919
What is the remainder when 15580374 is divided by 273339?
51
What is the remainder when 126594 is divided by 13935?
1179
Calculate the remainder when 63712 is divided by 1697.
923
What is the remainder when 523024 is divided by 248?
240
Calculate the remainder when 13011025 is divided by 19.
15
Calculate the remainder when 1763114 is divided by 9.
5
What is the remainder when 240947480 is divided by 583?
576
Calculate the remainder when 14706 is divided by 2081.
139
Calculate the remainder when 386620 is divided by 275.
245
Calculate the remainder when 17216183 is divided by 123.
119
What is the remainder when 464589 is divided by 510?
489
What is the remainder when 27971873 is divided by 3871?
27
Calculate the remainder when 232928 is divided by 35.
3
Calculate the remainder when 913276 is divided by 6815.
66
What is the remainder when 113016596 is divided by 1080?
1076
Calculate the remainder when 52754 is divided by 1316.
114
What is the remainder when 7844552 is divided by 653711?
20
What is the remainder when 44973 is divided by 20870?
3233
What is the remainder when 134635 is divided by 1584?
1579
What is the remainder when 885610 is divided by 32786?
388
What is the remainder when 97497512 is divided by 241?
239
What is the remainder when 13702752 is divided by 810?
792
What is the remainder when 6922427 is divided by 98?
1
What is the remainder when 197623027 is divided by 11?
8
Calculate the remainder when 5565791 is divided by 11.
0
Calculate the remainder when 590380 is divided by 2037.
1687
Calculate the remainder when 5543255 is divided by 3197.
2854
Calculate the remainder when 26796791 is divided by 669.
665
What is the remainder when 39531774 is divided by 30?
24
What is the remainder when 1846798 is divided by 27564?
10
What is the remainder when 140507660 is divided by 101?
96
What is the remainder when 171313 is divided by 85194?
925
Calculate the remainder when 146284596 is divided by 10.
6
What is the remainder when 641694 is divided by 1478?
242
Calculate the remainder when 15252391 is divided by 55.
11
What is the remainder when 112533 is divided by 2358?
1707
What is the remainder when 1032507 is divided by 516249?
9
Calculate the remainder when 46219 is divided by 45599.
620
What is the remainder when 6870879 is divided by 1717718?
7
Calculate the remainder when 21050519 is divided by 43.
41
What is the remainder when 14631395 is divided by 392?
387
What is the remainder when 1286279 is divided by 43?
20
What is the remainder when 2346382 is divided by 904?
502
What is the remainder when 733096 is divided by 345?
316
Calculate the remainder when 19333854 is divided by 86.
22
Calculate the remainder when 70084 is divided by 3297.
847
Calculate the remainder when 4247170 is divided by 117976.
34
What is the remainder when 760690625 is divided by 205?
200
What is the remainder when 7046 is divided by 1172?
14
Calculate the remainder when 41800982 is divided by 1441413.
5
Calculate the remainder when 20661 is divided by 213.
0
What is the remainder when 90981591 is divided by 1221?
1218
Calculate the remainder when 6140937 is divided by 256.
9
Calculate the remainder when 12550 is divided by 4046.
412
What is the remainder when 224050 is divided by 17?
7
Calculate the remainder when 63763 is divided by 1733.
1375
What is the remainder when 21864254 is divided by 2?
0
What is the remainder when 123581344 is divided by 27?
22
Calculate the remainder when 172806076 is divided by 699.
694
Calculate the remainder when 48990536 is divided by 147.
140
What is the remainder when 7319 is divided by 75?
44
Calculate the remainder when 104885 is divided by 455.
235
Calculate the remainder when 111571253 is divided by 28.
17
What is the remainder when 133236 is divided by 546?
12
Calculate the remainder when 2072476 is divided by 258700.
2876
Calculate the remainder when 80954043 is divided by 6959.
6955
What is the remainder when 23295426 is divided by 569?
566
Calculate the remainder when 163827699 is divided by 5350.
5349
Calculate the remainder when 2167917 is divided by 34.
9
Calculate the remainder when 260505 is divided by 233.
11
Calculate the remainder when 151279 is divided by 150760.
519
Calculate the remainder when 11718988 is divided by 111609.
43
Calculate the remainder when 2716988 is divided by 67920.
188
Calculate the remainder when 53814 is divided by 2972.
318
Calculate the remainder when 850200 is divided by 289.
251
What is the remainder when 5725763 is divided by 954290?
23
What is the remainder when 9353385 is divided by 599?
0
What is the remainder when 30779 is divided by 2061?
1925
Calculate the remainder when 1767549 is divided by 19.
17
What is the remainder when 2853568 is divided by 178348?
0
Calculate the remainder when 380090 is divided by 62457.
5348
What is the remainder when 67583 is divided by 13268?
1243
Calculate the remainder when 155532 is divided by 1197.
1119
What is the remainder when 294439 is divided by 6974?
1531
What is the remainder when 48439 is divided by 1383?
34
What is the remainder when 118764788 is divided by 18?
14
Calculate the remainder when 4232105 is divided by 3.
2
Calculate the remainder when 577315 is divided by 577276.
39
What is the remainder when 12749323 is divided by 17?
3
Calculate the remainder when 171839157 is divided by 15.
12
What is the remainder when 72114 is divided by 266?
28
What is the remainder when 57856506 is divided by 493?
491
What is the remainder when 225147128 is divided by 84?
80
What is the remainder when 20564826 is divided by 29?
27
Calculate the remainder when 46292 is divided by 1934.
1810
Calculate the remainder when 362572 is divided by 1850.
1822
Calculate the remainder when 141709 is divided by 70624.
4